989515?
False
Is 26200746 a multiple of 338?
True
Does 92 divide 22042297?
False
Does 518 divide 109039518?
True
Is 634 a factor of 208530208?
True
Is 201010085 a multiple of 5?
True
Does 14 divide 14960361?
False
Is 141 a factor of 26782245?
True
Is 133669926 a multiple of 78?
True
Does 9 divide 353919340?
False
Is 423 a factor of 16729227?
True
Is 3107 a factor of 251738367?
False
Is 1355 a factor of 361349401?
False
Does 7 divide 203779581?
False
Does 56 divide 549894408?
True
Does 308 divide 2469874506?
False
Is 1806 a factor of 113210910?
False
Is 105173862 a multiple of 239?
True
Is 147184094 a multiple of 482?
False
Is 20 a factor of 26675682?
False
Does 20 divide 385337071?
False
Does 17 divide 22543064?
False
Is 50 a factor of 2812680939?
False
Is 839 a factor of 48200550?
True
Is 16 a factor of 42971552?
True
Does 14 divide 16705541?
False
Is 492067758 a multiple of 91?
True
Is 98945561 a multiple of 1229?
True
Is 22034166 a multiple of 8?
False
Is 45384438 a multiple of 178?
False
Is 32 a factor of 27303200?
True
Is 53 a factor of 610554276?
True
Is 239245886 a multiple of 28?
False
Is 269 a factor of 5743814?
False
Is 3865234121 a multiple of 120?
False
Is 148341089 a multiple of 1469?
True
Is 29845737 a multiple of 933?
True
Does 2002 divide 149431282?
True
Is 6 a factor of 337614765?
False
Does 8 divide 1581241704?
True
Is 1321 a factor of 21080508?
False
Is 2524 a factor of 87037616?
True
Is 9750461 a multiple of 917?
True
Is 192 a factor of 163673518?
False
Is 50076853 a multiple of 830?
False
Is 16 a factor of 1927706000?
True
Does 4191 divide 538124400?
True
Is 639623634 a multiple of 1244?
False
Is 2062476 a multiple of 39?
True
Does 13 divide 1772860?
False
Does 360 divide 2089522187?
False
Does 39 divide 3478380?
False
Is 32186184 a multiple of 124?
True
Does 38 divide 41447474?
True
Does 59 divide 843921029?
False
Is 399557700 a multiple of 150?
True
Is 6635 a factor of 1068022680?
True
Is 1279365448 a multiple of 53?
False
Is 37 a factor of 5716133?
False
Does 452 divide 470712997?
False
Is 214802079 a multiple of 77?
False
Does 4394 divide 1806245974?
True
Does 7600 divide 358241788?
False
Does 14 divide 29173066?
False
Is 404800 a multiple of 23?
True
Is 168 a factor of 1393837?
False
Does 101 divide 25029517?
True
Is 2061 a factor of 1507400652?
False
Is 19 a factor of 15096754?
True
Does 2 divide 10030706?
True
Does 11 divide 4125673?
False
Does 1287 divide 1617685720?
False
Is 6263207 a multiple of 8?
False
Is 5 a factor of 267150169?
False
Is 579572846 a multiple of 39?
False
Is 3 a factor of 12381886?
False
Does 42 divide 1183803264?
True
Does 2139 divide 673864143?
True
Is 24 a factor of 28849920?
True
Is 1535 a factor of 51843456?
False
Does 15 divide 70925250?
True
Is 40 a factor of 14028203?
False
Is 5 a factor of 128506873?
False
Is 19058563 a multiple of 6?
False
Is 739489491 a multiple of 1833?
False
Is 47 a factor of 671500474?
False
Does 6 divide 15226510?
False
Does 20 divide 23780540?
True
Does 16 divide 188306976?
True
Does 6868 divide 1973359672?
False
Does 6 divide 251326842?
True
Is 56143158 a multiple of 4?
False
Is 276457525 a multiple of 47?
True
Is 153 a factor of 8632226?
False
Is 414078227 a multiple of 1062?
False
Is 674230667 a multiple of 3234?
False
Is 920 a factor of 38466433?
False
Does 254 divide 94963996?
True
Is 262201980 a multiple of 10?
True
Is 12969988 a multiple of 1085?
False
Is 2088 a factor of 44315851?
False
Is 646228280 a multiple of 734?
True
Is 3887395816 a multiple of 33?
False
Is 151734036 a multiple of 46?
True
Is 146259662 a multiple of 79?
False
Is 169 a factor of 4630683148?
True
Is 273 a factor of 666233473?
False
Does 2028 divide 89408436?
True
Is 423 a factor of 2190214899?
True
Is 5322 a factor of 451025753?
False
Is 63 a factor of 95503014?
False
Does 61 divide 63250473?
True
Is 311130096 a multiple of 808?
True
Does 3 divide 6955904?
False
Is 2203215386 a multiple of 26?
False
Is 2683240 a multiple of 37?
True
Does 46 divide 637532818?
False
Is 17120773 even?
False
Is 497147832 a multiple of 24?
True
Does 1622 divide 325270295?
False
Is 2813410554 a multiple of 798?
False
Is 81227844 a multiple of 787?
True
Is 2416118676 a multiple of 9741?
True
Does 1072 divide 34760973?
False
Is 51 a factor of 2446607904?
True
Is 7890150 a multiple of 978?
False
Is 14 a factor of 66234244?
False
Is 6 a factor of 1073673?
False
Is 9 a factor of 227741908?
False
Is 93759692 a multiple of 442?
True
Does 7752 divide 90656119?
False
Does 10 divide 87868778?
False
Is 797 a factor of 138773813?
False
Is 7 a factor of 62324355?
False
Is 63445265 a multiple of 131?
True
Is 11 a factor of 111493849?
False
Is 1898 a factor of 59143417?
False
Is 95656247 a multiple of 341?
False
Does 30 divide 47146259?
False
Is 304152744 a multiple of 5854?
False
Is 7 a factor of 12509286?
False
Does 22 divide 3847584?
False
Does 488 divide 26529455?
False
Is 1689 a factor of 15827619?
True
Does 6239 divide 75526048?
False
Is 141062880 a multiple of 70?
True
Does 32 divide 2616122368?
True
Is 71358602 a multiple of 98?
True
Is 4424 a factor of 660627072?
True
Is 3105630 a multiple of 6?
True
Is 1128957965 a multiple of 165?
False
Is 91984943 a multiple of 289?
True
Is 6576 a factor of 1699205097?
False
Is 667 a factor of 46677327?
True
Is 368 a factor of 179253051?
False
Is 159962985 a multiple of 117?
True
Is 80 a factor of 285388320?
True
Is 2658 a factor of 658710876?
True
Is 9 a factor of 86043690?
True
Is 604503585 a multiple of 45?
True
Is 11993237 even?
False
Is 438 a factor of 364867578?
True
Does 1264 divide 272788896?
True
Is 5506 a factor of 3531680416?
False
Does 69 divide 968613582?
True
Is 1157 a factor of 525361429?
False
Is 25 a factor of 51379006?
False
Does 13 divide 162815440?
False
Does 16 divide 17897602?
False
Does 848 divide 383477472?
True
Does 42 divide 149807994?
True
Does 403 divide 58153706?
True
Is 51651828 a multiple of 9?
True
Does 429 divide 5806944?
True
Is 736639232 a multiple of 112?
True
Is 4602216295 a multiple of 9?
False
Is 7850 a factor of 1439898785?
False
Is 403132509 even?
False
Is 32 a factor of 28369225?
False
Does 5 divide 23772655?
True
Is 62852675 a multiple of 9?
False
Is 2 a factor of 57722717?
False
Is 922 a factor of 23294330?
True
Is 457 a factor of 377115550?
False
Does 455 divide 8903596?
False
Is 208 a factor of 270463232?
True
Is 2780 a factor of 4283425?
False
Does 141 divide 347064817?
False
Does 188 divide 17184132?
False
Is 240 a factor of 46513680?
True
Is 12 a factor of 640559841?
False
Is 3 a factor of 388377378?
True
Is 167584420 a multiple of 134?
True
Does 105 divide 19082315?
False
Is 754 a factor of 357645574?
True
Is 936432328 a multiple of 5356?
True
Is 352 a factor of 188160544?
True
Is 87 a factor of 268265022?
True
Does 1238 divide 1928582925?
False
Does 5 divide 37632164?
False
Is 13 a factor of 490365310?
False
Is 27 a factor of 1049246730?
True
Is 44034574 a multiple of 82?
True
Is 34123180 a multiple of 5?
True
Is 58168950 even?
True
Is 116053756 a multiple of 12?
False
Does 44 divide 96081362?
False
Is 17312946 a multiple of 21?
True
Does 265 divide 17112822?
False
Does 1879 divide 630975716?
True
Is 133 a factor of 49865557?
True
Is 1207937947 a multiple of 766?
False
Is 25 a factor of 33137656?
False
Is 145 a factor of 6860517866?
False
Is 303402112 a multiple of 102?
False
Does 197 divide 109485921?
False
Is 18258372 a multiple of 18?
True
Does 387 divide 14622408?
True
Is 2415407514 a multiple of 69?
True
Is 582 a factor of 30287601?
False
Is 15 a factor of 3363240?
True
Does 316 divide 3350108?
False
Is 87 a factor of 2368372?
False
Is 364 a factor of 5185737?
False
Does 18 divide 56795778?
True
Is 284135844 a multiple of 3?
True
Is 2742513 a multiple of 5?
False
Is 35194645 a multiple of 75?
False
Is 261 a factor of 109838457?
True
Is 4747282387 a multiple of 5020?
False
Is 128 a factor of 55180160?
True
Does 54 divide 51403140?
True
Does 152 divide 16098385?
False
Does 258 divide 140286210?
True
Does 120 divide 388361716?
False
Does 5794 divide 805649906?
True
Is 183 a factor of 85615882?
False
Is 1286956281 a multiple of 591?
True
Is 33 a factor of 63086496?
True
Is 14 a factor of 107466188?
False
Does 465 divide